. Suppose 0 = 5*t + 3*g - 2419 - c, g = t - 745. What is the units digit of t?
5
Let w be (-3 + (-28)/(-12))/((-6)/27). Suppose -r + 5 = -3*x, 5*x - 8 + w = 0. Suppose 4*d - 188 = -2*c, -4*c + r*c - d - 367 = 0. What is the tens digit of c?
9
Let p(k) = -10*k + 0 + 3*k**2 - 2 - 2*k**2. Suppose 79*l - 60 = 4*d + 74*l, 4*l = d + 26. What is the tens digit of p(d)?
9
Suppose 5*a - 10 = -2*r - 2, -3*a = -6. Let h be ((-3)/(-12)*r*0)/1. Suppose -s - 4*s + 400 = h. What is the tens digit of s?
8
Let k(s) = -91*s - 64. What is the units digit of k(-6)?
2
Let j(v) = 12*v - 68. Let m be j(6). Suppose 3*r = -9, m*w - 4*r - r - 2763 = 0. What is the tens digit of w?
8
Suppose -109*a + 28*a = -47*a - 347548. What is the hundreds digit of a?
2
What is the units digit of (578505/210)/((-1)/(-24)) - (-78)/(-91)?
4
Let z(g) = 267*g + 36*g - 102*g - 22. What is the units digit of z(4)?
2
Let v(g) = 9*g - 56. Let k be v(8). Let m be 2*((2 - 2) + k). What is the tens digit of m/8 - (0 - 226)?
3
Let y = -20 + 15. Let z(c) = -26*c**2 - 10. Let s be z(y). What is the tens digit of (s/(-50))/((-4)/(-10))?
3
Let g = 26224 + -18275. What is the tens digit of g?
4
Let b(j) = 459*j - 1097. What is the tens digit of b(35)?
6
Let b(h) = 64*h + 55. Let q be b(-9). Let z = q + 1046. What is the hundreds digit of z?
5
Let n(g) = 29*g**2 + 31*g + 4. Let l(i) = 4*i**2 + 34*i + 10. Let j be l(-8). What is the units digit of n(j)?
2
Let u = -103 - -153. Let y = -48 + u. Suppose d = 2*f - y*d - 398, -4*f - 4*d = -776. What is the units digit of f?
6
Suppose 5*i = -4*n, 4*n = 4*i + 8 - 44. Suppose 2*x = -i*l + 634, 0 = -4*x - 21 + 9. What is the tens digit of l?
6
Suppose 2*g - 10 = -3*k, 0*g + 2 = k + 2*g. What is the hundreds digit of k - -2*4571/14?
6
Let m = 239 - 235. Suppose -s + 881 = 4*y, -m*s + s - 657 = -3*y. What is the tens digit of y?
2
What is the hundreds digit of 84/(-196) - ((-372)/42)/((-2)/(-2325))?
2
Suppose 23*r = 51*r - 113932. What is the units digit of r?
9
Let d = 93471 + -57540. What is the ten thousands digit of d?
3
Suppose 2385 = 2*y + y. Suppose -t = 5*f + 4*t - y, -3*t - 465 = -3*f. Suppose 5*o - 23 - f = 0. What is the tens digit of o?
3
Suppose -10*m = -3*m - 168. Let k be (m/(-30))/(-3*2/15). Suppose -5*y + 148 = k*v + v, -2*v = -4*y - 62. What is the units digit of v?
1
Suppose 2*j - 770 = -2*m, -385 = 3*m - 4*m - 4*j. Let a = 743 - m. What is the units digit of a?
8
Let m(r) be the second derivative of -r**5/20 + 11*r**4/12 - 11*r**3/6 + 12*r**2 + 9*r. Let j be m(10). What is the tens digit of 1404/j - (2 + 60/(-35))?
0
Let h(g) = 1128*g + 2018. What is the hundreds digit of h(9)?
1
Let v(c) = -c**2 - 2*c. Suppose -8*o = -5*o + 9. Let h be v(o). What is the tens digit of 1/(1 + 232/(-236)) + h?
5
Suppose 0 = -5*f + 14 - 34. What is the hundreds digit of (3/f)/3 + (-277950)/(-408)?
6
Suppose 10 = w + 2*v, -5*v + 14 = 2*w - 5*w. What is the units digit of 4*(-6)/48 - (-857)/w?
8
Let v be (20/6 - (-13)/(-39)) + 13. Suppose -10438 = -v*g - 2486. What is the hundreds digit of g?
4
Let r = 500 - 491. Suppose -r*g + 183 = -3309. What is the units digit of g?
8
What is the hundreds digit of 29247 + (-34)/(918/405)?
2
Suppose w - 187 - 132 = 0. Let u = 224 + -397. Let c = w + u. What is the tens digit of c?
4
What is the thousands digit of (27/(-3))/(956228/95624 - 10)?
1
Let f = -154909 - -225745. What is the hundreds digit of f?
8
Suppose -7*l + 36 = -4*l. Let y(p) = -p**3 + 17*p**2 - 30*p + 32. What is the units digit of y(l)?
2
Suppose 3*p = p + 1216. Let q(d) = 2*d**2 + 7*d - 28. Let u be q(-6). Suppose -u*b - 6*b = -p. What is the tens digit of b?
7
Let a = 13 + 196. Let i = 359 - a. What is the hundreds digit of i?
1
Let j = -121 - -230. Let h = -105 + j. Suppose z - 5*v = h, -v = -4*z + 3*v + 32. What is the units digit of z?
9
Suppose 25*o - 2610 = 22*o. Suppose 5*u - 3*y + 0*y = 2196, 0 = 2*u + 3*y - o. What is the units digit of u?
8
Let w = -1255 + 675. Let r = w + 2476. What is the units digit of r?
6
Let q(z) = -1249*z**3 - 15*z**2 - 32*z + 13. What is the thousands digit of q(-3)?
3
Let y(a) = -2*a. Let w be y(2). Let m be (8 + (-266)/42)/((-3)/9). What is the hundreds digit of (-288 - (9 + m))*2/w?
1
Let n = -1962 + 4742. What is the tens digit of n?
8
Let c(h) = 6*h**2 + 18*h + 13. Let l be c(-7). What is the tens digit of l - -2 - (-2 + 6)/2?
8
Let b(m) = 997*m + 164. What is the hundreds digit of b(5)?
1
Suppose -13*j = -38*j - 17*j. Suppose -p + 3 - 4 = j, -5*h + p = -1036. What is the hundreds digit of h?
2
Suppose 0 = -i + 5, -9*i - 5508 = -j - 11*i. What is the tens digit of j?
9
Suppose -46*a - 36 = -55*a. What is the tens digit of 1190/a + (5/10)/1?
9
What is the tens digit of (4928/(-42))/(3*(-2)/189)?
9
Let t be 73/15 - 26/(-195). Suppose -30*g = -t*g - 18575. What is the tens digit of g?
4
Let u(f) = 474*f**2 - 9*f + 10. Suppose 222 = -6*o + 228. What is the tens digit of u(o)?
7
Let r be 1/4 + 362/(-8). What is the units digit of (1377/r + 13)/(4/(-90))?
6
Suppose 0 = 176*g + 58*g - 6614317 + 2145385. What is the ten thousands digit of g?
1
Let k(q) be the first derivative of -q**4/4 - 2*q**3 - q**2 - 11*q + 2. Let b be k(-6). What is the units digit of b - -1 - (-5)/(5/112)?
4
Let x be 6*6/72 - 157/(-2). Let p = x - 75. Suppose p*h - 5*h = -23. What is the tens digit of h?
2
Let w(o) = -116*o - 1208. What is the tens digit of w(-34)?
3
Let w = 529 - 483. Suppose 0 = -51*o + w*o + 4495. What is the tens digit of o?
9
Suppose 66*c + 1171302 = 51*c + 48*c. What is the tens digit of c?
9
Let s(r) = 10*r - 15. Let b be s(2). Suppose 3*a + b - 185 = 0. What is the units digit of a?
0
Let n(l) = l**2 + 10*l + 21. Let w be n(-8). Suppose -t = w*m + 41, -4*m + 23 = -7*m + t. What is the tens digit of (14/(-3))/(m/228)?
3
Suppose 15*m - 17619 - 621 = 0. Suppose 4*n = v + 136 - m, 0 = 4*v + 5*n - 4404. What is the units digit of v?
6
Suppose -4*b + 316679 = 4552*x - 4547*x, 63333 = x - 2*b. What is the units digit of x?
5
Let g(m) = 6*m**3 - 36*m**2 + 62*m - 70. What is the hundreds digit of g(14)?
2
Let l(b) = b**3 + 23*b**2 + 43*b + 32. Let s be l(-21). Let r(h) = h**2 + 10*h - 1. What is the tens digit of r(s)?
3
Suppose 19*z - 828190 = 2*z - 5*z. What is the units digit of z?
5
What is the ten thousands digit of 6 + 37456 - -1*3*1/(-1)?
3
Suppose -1649 = -3*f + 916. Let v = -512 + f. What is the hundreds digit of v?
3
Suppose -5*i = -5*f + 20435, -8174 = -6*f + 4*f - 4*i. What is the thousands digit of f?
4
Let w(j) = -j**2 + 52*j + 91. What is the hundreds digit of w(26)?
7
Suppose -29*w + 0*o + 1537273 = -3*o, 2*o + 265053 = 5*w. What is the thousands digit of w?
3
Let p = 25983 - -10012. What is the tens digit of p?
9
Let w(v) = -1353*v + 110. What is the hundreds digit of w(-5)?
8
Let o(k) = 857*k**2 + 269*k - 2. What is the thousands digit of o(3)?
8
Let j(l) = 2430*l + 73. What is the tens digit of j(2)?
3
Let k = -91 + 170. Suppose 2*a - 4*v + 26 = -26, -v = -3. Let x = k - a. What is the units digit of x?
9
What is the thousands digit of ((-36)/(-2) - -15*(-2)/6)*661?
8
Let r(g) = g**3 + 9*g**2 - 11*g - 12. Let m be r(-10). Let t(k) = -32*k**3 + 3*k**2 + 6*k + 2. What is the units digit of t(m)?
8
Let h(m) = 33*m**2 - 11*m + 8. Suppose -65 + 47 = -3*s. What is the hundreds digit of h(s)?
1
Let s(l) = 16*l**3 - 2*l**2 + 7*l - 3. Suppose -11*t + 21 + 12 = 0. Let i be s(t). Suppose -i = -3*j - j. What is the tens digit of j?
0
Suppose 2*l + 142 = 4*l. Suppose -4*p + 14 = -3*d + 11, -6 = -2*d. Suppose 0 = 2*x + p*v - 142, -5*x - l = -6*x - 3*v. What is the units digit of x?
1
Let j be (-4)/(-54) - (2/(-12))/(45/29410). Let l = -1 + 3. Suppose -l*y = -j - 119. What is the tens digit of y?
1
Let y = -1081 + 3578. What is the tens digit of y?
9
Suppose -18*k + 8 = -14*k. Suppose v - 410 = -k*n + 100, 0 = 2*n + 8. What is the units digit of v?
8
Let k = -18183 + 23417. What is the tens digit of k?
3
Let g(b) = -2*b**2 + 33*b - 13. Suppose -5*s + 2*s = 4*u - 46, 3*u - 52 = -4*s. What is the tens digit of g(s)?
1
Let p be 10218/(-156)*(1 - 0)*2. Let c = 372 + p. What is the units digit of c?
1
What is the units digit of 12 + 20/(-4) - (-21484 + (-1 - 5))?
7
Suppose -89*i = -m - 85*i + 24855, -i = -2*m + 49689. What is the thousa